late the remainder when q is divided by 32.
28
Let o(i) = 2*i**2 + 7*i + 3. Let w = 10 + 12. Let d = -12 + w. Calculate the remainder when o(-5) is divided by d.
8
Let a(h) = -6*h + 2. Suppose 2*z - 5*s - 2 = 0, 2*z + 12 = z - 4*s. What is the remainder when a(z) is divided by 14?
12
Suppose -6*h - 14 = -2*s - 2*h, 5*h = 3*s - 23. Let v = -4 + s. Calculate the remainder when 26 is divided by v.
5
Let b = 83 + -47. Suppose 5*r = 3*j - 166 + b, -194 = -5*j - 3*r. Let s = -31 + 45. Calculate the remainder when j is divided by s.
12
Let r = -29 + 41. What is the remainder when 23 is divided by r?
11
Let n(h) = 5*h**2 - 3*h - 1. Let k be n(2). Suppose 0 = -5*o - 15, -4*i + 20 + k = o. Calculate the remainder when 33 is divided by i.
6
Let o = -7 - -19. Let w = -2 + 2. Suppose -q + 11 + o = w. What is the remainder when q is divided by 8?
7
Suppose 5*n - c - 43 = 0, -c = n + c - 13. What is the remainder when 19 is divided by n?
1
Let b = 12 + -10. Suppose b*a - 16 = -4*c, 2*a + a - 25 = -5*c. What is the remainder when a is divided by 4?
2
Suppose 0*u = a - u - 4, 4*a + 4*u = 32. Suppose -s + 13 = 1. Suppose -3*c - s + 39 = 0. What is the remainder when c is divided by a?
3
Suppose -j + 2 - 4 = 0. Let z be (-536)/(-14) - 4/14. What is the remainder when z/6 - j/3 is divided by 3?
1
Let o(l) = l - 2*l + 3 - 1 - 1. Let f be o(2). Let s = f - -11. Calculate the remainder when s is divided by 6.
4
Let j = -48 + 136. Calculate the remainder when j is divided by 45.
43
Suppose 2*k = -0*k - 5*o - 8, -k + 2 = 4*o. Let l(x) = x**2 - 2*x - 7. What is the remainder when (k/5)/((-3)/15) is divided by l(5)?
6
Suppose 2*a - 7 - 1 = 0. Let l(v) = 2*v**2 - 5*v + 6. What is the remainder when 35 is divided by l(a)?
17
Let z be 3/(-2)*10/(-3). Let m = 12 - z. Suppose -3*r = 4*t - 62 + 11, 0 = -r + 3*t + 4. What is the remainder when r is divided by m?
6
Suppose 4*n - 36 = -0*n. Suppose -34 + n = 5*m. What is the remainder when (26/2)/(m - -6) is divided by 5?
3
Suppose -4*t + 20 = -0. Suppose -t*d = -10*d + 10. Suppose -3*k + 50 = d*k. What is the remainder when k is divided by 4?
2
Suppose -9*c + 15 = -14*c. Let d be (-2)/c - (-22)/(-33). Suppose 4*n - 4 - 12 = d. Calculate the remainder when 11 is divided by n.
3
Suppose -3*m - 2*m = -275. Calculate the remainder when m is divided by 14.
13
Let o = 62 - 57. Calculate the remainder when (-2 + 1)*-1 - -16 is divided by o.
2
Suppose 0 = -3*v - h + 17, -2*v + 3*h - 19 = -3*v. What is the remainder when 11 is divided by v?
3
Let d(v) = 4*v - 6. Suppose 3*z + 4*y = -0*y + 34, -2*z = 4*y - 28. Let s be d(z). Suppose -3*u + 45 = s. What is the remainder when 26 is divided by u?
8
Let x = 39 + -30. What is the remainder when x is divided by 5?
4
Let z(d) = 9*d**2 - 3*d + 3. What is the remainder when 64 is divided by z(2)?
31
Suppose -3*p = 3*a - 141, -a = -0*p - 2*p - 32. Calculate the remainder when a is divided by 15.
12
Let b = -51 - -58. What is the remainder when 39 is divided by b?
4
Suppose -8 = -t - 2*y, 4*t + 0*y + y = 53. Calculate the remainder when ((-2)/(-1))/(4/t) is divided by 4.
3
Suppose 0 = -5*j + 25, -k - 10 = -j - 46. What is the remainder when 120 is divided by k?
38
Let q(r) = 3*r - 57. What is the remainder when q(21) is divided by 2?
0
Calculate the remainder when -7 + (3 - -103) + 8/(-2) is divided by 12.
11
Let y(c) be the first derivative of 17*c**3/3 - 3*c**2/2 - c - 1. What is the remainder when 54 is divided by y(-1)?
16
Let t(v) = -2*v**2 + 11*v - 1. Calculate the remainder when 6 is divided by t(5).
2
Suppose -4*a + 7 = -1. Let v = a - 38. What is the remainder when ((-10)/4)/(3/v) is divided by 16?
14
Suppose 8 = b - 6. Calculate the remainder when 40 is divided by b.
12
Let c be (-6)/(-42) + (-306)/(-14). Let g = -17 + c. Suppose 0*q = -3*q + 27. What is the remainder when q is divided by g?
4
Suppose 0*f + 5*r = f + 5, -2*r + 2 = 5*f. Suppose f = -4*l + 102 + 6. Calculate the remainder when l is divided by 10.
7
Let q = -3 - -5. Suppose 10 = 3*r + q*r. What is the remainder when (-1 - -4)/(1 - 0) is divided by r?
1
Calculate the remainder when 16/2*(-10)/(-20) is divided by 2.
0
Let n(d) = 6*d - 1. Let l(s) = -5*s + 1. Let a(k) = 4*l(k) + 5*n(k). What is the remainder when a(4) is divided by 14?
11
Let z = -1 - -1. Suppose 2*y - y = z. Let i(f) = f**3 + 16. What is the remainder when i(y) is divided by 6?
4
Suppose -5*l + 20 = 3*f - 216, 0 = 3*f - 3*l - 228. What is the remainder when f is divided by 20?
17
Suppose -2*b + 3*b - 15 = 0. Suppose 3*z = -m + 90, -4*z + 2*z + 73 = 5*m. Calculate the remainder when z is divided by b.
14
Suppose -4*l - 142 = -526. Calculate the remainder when l is divided by 25.
21
Let p = -4 - -6. Let t = 2 - p. Suppose t = r - 5 + 1. What is the remainder when 7 is divided by r?
3
Suppose 5*d = -25, -5*d - 45 = b - 2*b. Let l = -28 - -39. What is the remainder when b is divided by l?
9
Let x(n) = 3*n + 8. Calculate the remainder when x(3) is divided by 5.
2
Let j = 8 + -6. Let q = j + 3. What is the remainder when 12 is divided by q?
2
Let i(q) = q**2 + 8*q - 11. What is the remainder when i(6) is divided by 25?
23
Let x = -5 - -9. Suppose 4*n + 3*y - 1 = 0, x*y + 2 = 2*y. Let r = n - 0. What is the remainder when 2 is divided by r?
0
Let f be (-4)/(-26) + (-15)/13. Let w be (2 + f)*(3 + 0). Suppose 4*m - 10 - 12 = -w*h, 12 = h - m. Calculate the remainder when 18 is divided by h.
8
Let l(c) = -14*c - 1. Let d(t) = -t**2 - 4*t + 25. What is the remainder when d(0) is divided by l(-1)?
12
Suppose -54 = -3*s - 0. Calculate the remainder when 88 is divided by s.
16
Suppose -4*r = r + 2*l - 15, -4*l = 0. Suppose r*h - 8 = -5. What is the remainder when h is divided by 1?
0
Suppose -i - 4*i + 235 = 0. Calculate the remainder when 93 is divided by i.
46
Let a(g) = 17*g**2 + g + 4. Let o be a(-3). Suppose y + o = 4*m, m + 5*y = -m + 88. What is the remainder when 24 is divided by (-1 - -2)/(3/m)?
11
Let l(q) = -q**2 + 7*q + 10. Let k be l(7). Let z = 20 - k. Suppose 2*a - 3*x - 50 = 0, -4*a - 4*x + 114 = -3*x. What is the remainder when a is divided by z?
8
Suppose 0 = -2*p - 5 - 1. Let a = -24 + 27. What is the remainder when p/((-2)/4 + 0) is divided by a?
0
What is the remainder when 56 is divided by 38/2*-1*-1?
18
What is the remainder when 48 + (2 - (-7 + 5)) is divided by 14?
10
Let s = 15 - 4. Suppose -5*d + 36 = -d. Suppose d*m + 80 = 13*m. What is the remainder when m is divided by s?
9
Let k be 4/6 - (-21)/9. Suppose -k*r = -4*y - 0*y - 42, 6 = 2*y. Suppose h = 3*l + 55, 2*l = -2*h + h + 50. What is the remainder when h is divided by r?
16
Let t(v) = 2*v + 44. Calculate the remainder when 69 is divided by t(-10).
21
Let j = 8 + 32. Let t = 31 - 17. Calculate the remainder when j is divided by t.
12
Suppose 0 = 4*b + 3*x + 10, 0*b - 3*b + 2*x = -1. Let h = b - -11. Let r = -27 + 55. What is the remainder when r is divided by h?
8
Suppose 2*d - 3 = 161. What is the remainder when d is divided by 28?
26
Let l be ((-16)/10)/((-6)/15). Let h be 2/l + 66/(-4). Let s = -9 - h. What is the remainder when 20 is divided by s?
6
Let b = 201 + -188. Calculate the remainder when b is divided by (2*-2*-2)/1.
5
Let k(h) = h**2 - 4*h + 3. Let z be k(4). Suppose -z*o - 2*g = -0*o - 142, 2*o = 3*g + 112. What is the remainder when o is divided by 2/(0 - -4)*34?
16
Suppose 5*o - 10 = -5, 4*o = 3*j - 20. What is the remainder when 28 is divided by j?
4
Let i = -3 - -9. Let j(q) = 4*q**3 + q - 1. Let w(y) = -5*y**3 - y**2 - y. Let b(k) = -6*j(k) - 5*w(k). Calculate the remainder when b(-5) is divided by i.
5
Suppose -b = 2, 65 - 11 = 2*a + 5*b. What is the remainder when 63 is divided by a?
31
Let w(m) = -m + 11. Calculate the remainder when w(-11) is divided by 6.
4
Let r = 54 - 32. Calculate the remainder when 43 is divided by r.
21
Let i be (-1 - -9)*(-2)/4. Let j = i + 19. What is the remainder when 44 is divided by j?
14
Suppose 5*y + c - 146 = 3*c, -3*c = -2*y + 65. Calculate the remainder when 81 is divided by y.
25
Let x(g) = -g**3 - g**2 - g + 10. What is the remainder when x(0) is divided by 6?
4
Let x(g) = g + 3. Let d be x(10). Suppose s + 15 = 2*l, l + 6*s - s = d. What is the remainder when 15 is divided by l?
7
Let w(q) = -5*q. Let c be w(1). Let a(n) = n**